{"id":556,"date":"2025-01-19T14:53:55","date_gmt":"2025-01-19T13:53:55","guid":{"rendered":"https:\/\/abp-avocatalacour.com\/?page_id=556"},"modified":"2025-01-19T15:40:32","modified_gmt":"2025-01-19T14:40:32","slug":"honoraires","status":"publish","type":"page","link":"https:\/\/abp-avocatalacour.com\/index.php\/honoraires\/","title":{"rendered":"Honoraires"},"content":{"rendered":"\n<blockquote class=\"wp-block-quote is-layout-flow wp-block-quote-is-layout-flow gtfy-2\">\n<h3 class=\"wp-block-heading gtfy-1\">Les honoraires de votre Avocat<\/h3>\n<\/blockquote>\n\n\n\n<p class=\"gtfy-6\">S&rsquo;il est souvent difficile et parfois impossible de d\u00e9finir \u00e0 l&rsquo;ouverture d&rsquo;un dossier les diligences qui seront n\u00e9cessaires \u00e0 son traitement, les honoraires ne sont pas pour autant arbitraires.<\/p>\n\n\n\n<p class=\"gtfy-10\">Ils sont librement convenus entre l&rsquo;Avocat et son client, en fonction de diff\u00e9rents crit\u00e8res dont les plus fr\u00e9quents sont :<\/p>\n\n\n\n<ul class=\"wp-block-list gtfy-16\">\n<li class=\"gtfy-14\">La difficult\u00e9 de la prestation<\/li>\n\n\n\n<li class=\"gtfy-15\">Le temps pass\u00e9<\/li>\n<\/ul>\n\n\n\n<ul class=\"wp-block-list gtfy-22\">\n<li class=\"gtfy-20\">Les charges du Cabinet<\/li>\n\n\n\n<li class=\"gtfy-21\">La valeur en litige<\/li>\n<\/ul>\n\n\n\n<ul class=\"wp-block-list gtfy-28\">\n<li class=\"gtfy-26\">La notori\u00e9t\u00e9 de l&rsquo;Avocat<\/li>\n\n\n\n<li class=\"gtfy-27\">Le r\u00e9sultat obtenu<\/li>\n<\/ul>\n\n\n\n<p class=\"gtfy-32\">Les honoraires font habituellement l&rsquo;objet de paiements par provision, la liquidation des honoraires s&rsquo;effectuant \u00e0 l&rsquo;issue du mandat.<\/p>\n\n\n\n<p class=\"gtfy-36\">Les honoraires peuvent faire l&rsquo;objet d&rsquo;une convention, le recours \u00e0 la convention \u00e9tant recommand\u00e9 pour pr\u00e9venir toutes difficult\u00e9s.<\/p>\n\n\n\n<p class=\"gtfy-40\">En cas de diff\u00e9rend sur le montant des honoraires, l&rsquo;Avocat ou le client peut saisir le B\u00e2tonnier qui rendra un arbitrage, sa d\u00e9cision \u00e9tant elle-m\u00eame susceptible d&rsquo;appel.<\/p>\n\n\n\n<p class=\"gtfy-44\">Les honoraires sont soumis &#8211; sauf exception &#8211; \u00e0 une TVA au taux de 20 % ; ils ne comprennent pas les frais dits \u00ab\u00a0taxables\u00a0\u00bb (\u00e9moluments, frais de signification, frais d&rsquo;expertise, etc&#8230;.)<\/p>\n\n\n\n<p class=\"gtfy-48\">Les \u00e9moluments sont calcul\u00e9s en fonction de la valeur en litige.<\/p>\n\n\n\n<p class=\"gtfy-52\">Ils sont major\u00e9s d&rsquo;un tiers \u00e0 hauteur d&rsquo;appel.<\/p>\n\n\n\n<p class=\"gtfy-56\"><\/p>\n","protected":false},"excerpt":{"rendered":"<p>Les honoraires de votre Avocat S&rsquo;il est souvent difficile et parfois impossible de d\u00e9finir \u00e0 l&rsquo;ouverture d&rsquo;un dossier les diligences qui seront n\u00e9cessaires \u00e0 son traitement, les honoraires ne sont pas pour autant arbitraires. Ils sont librement convenus entre l&rsquo;Avocat et son client, en fonction de diff\u00e9rents crit\u00e8res dont les plus fr\u00e9quents sont : Les [&hellip;]<\/p>\n","protected":false},"author":1,"featured_media":0,"parent":0,"menu_order":0,"comment_status":"closed","ping_status":"closed","template":"","meta":{"gutenify_custom_css":"","gutenify_custom_css_data":"","footnotes":""},"class_list":["post-556","page","type-page","status-publish","hentry"],"_links":{"self":[{"href":"https:\/\/abp-avocatalacour.com\/index.php\/wp-json\/wp\/v2\/pages\/556","targetHints":{"allow":["GET"]}}],"collection":[{"href":"https:\/\/abp-avocatalacour.com\/index.php\/wp-json\/wp\/v2\/pages"}],"about":[{"href":"https:\/\/abp-avocatalacour.com\/index.php\/wp-json\/wp\/v2\/types\/page"}],"author":[{"embeddable":true,"href":"https:\/\/abp-avocatalacour.com\/index.php\/wp-json\/wp\/v2\/users\/1"}],"replies":[{"embeddable":true,"href":"https:\/\/abp-avocatalacour.com\/index.php\/wp-json\/wp\/v2\/comments?post=556"}],"version-history":[{"count":4,"href":"https:\/\/abp-avocatalacour.com\/index.php\/wp-json\/wp\/v2\/pages\/556\/revisions"}],"predecessor-version":[{"id":578,"href":"https:\/\/abp-avocatalacour.com\/index.php\/wp-json\/wp\/v2\/pages\/556\/revisions\/578"}],"wp:attachment":[{"href":"https:\/\/abp-avocatalacour.com\/index.php\/wp-json\/wp\/v2\/media?parent=556"}],"curies":[{"name":"wp","href":"https:\/\/api.w.org\/{rel}","templated":true}]}}